3*z - 137 - 199 = 0. Calculate the greatest common factor of z and s.
28
Let h be 0 - (-1 + 2)*-17. Suppose 155 = 3*b - 4*w - 100, 7*b - 3*w - 595 = 0. Calculate the greatest common divisor of h and b.
17
Suppose -b - d - 8 = -3, 3*b + 25 = -5*d. Suppose 3*q = -4*y - 145, -q + 2*y + 2*y - 27 = b. Let n = 61 + q. Calculate the greatest common factor of n and 18.
18
Let f(b) = 89*b + 6. Let h be f(-1). Let p = h - -251. Calculate the greatest common divisor of p and 42.
42
Suppose -4*l + 177 - 61 = 0. What is the highest common divisor of 261 and l?
29
Suppose 5*c + 2*x = 1019, -2*x + 250 + 154 = 2*c. What is the highest common factor of 123 and c?
41
Suppose -5*b = 87 - 212. What is the highest common factor of 1 and b?
1
Let m = 90 - 31. Calculate the highest common factor of 1 and m.
1
Suppose 9*l - 2122 = 254. Let r = -43 - -76. Calculate the greatest common factor of r and l.
33
Suppose -g + 8*y = 3*y - 50, -362 = -5*g - 3*y. Suppose -2*w + 147 = 2*v + w, 5*w - g = -v. What is the greatest common divisor of 30 and v?
15
Let r(k) = -17*k - 5. Let a(t) = 9*t + 2. Let f(h) = 7*a(h) + 3*r(h). Let v be f(-2). Let j = 88 + v. Calculate the greatest common factor of j and 9.
9
Suppose l = -5*j + 1105, -5*j - 8*l = -5*l - 1115. Let p = 21 + -47. Let k = p + 46. What is the greatest common divisor of j and k?
20
Suppose 3*g + 3*z - 4*z + 123 = 0, 0 = 2*z. Let w = g + -55. Let m be w/15*(-5)/2. What is the highest common divisor of 128 and m?
16
Let z = -138 + 166. Calculate the greatest common factor of 4 and z.
4
Let m = -2454 - -2465. Suppose n - 2*y - 88 = 0, 0*n + 3*n - 264 = -5*y. What is the highest common factor of m and n?
11
Let k(u) be the second derivative of -u**5/20 + 2*u**4/3 + u**3/6 + 4*u**2 + 12*u. Let t be k(7). Calculate the greatest common divisor of 4 and t.
4
Let z(n) = -18*n - 108. Let q be z(-11). Calculate the greatest common factor of 50 and q.
10
Let n be 6 - (-2 + 1 - 2). Let z(v) = v**3 - 10*v**2 + 11*v - 4. Let i be z(n). Let m be -2*i*10/(-8). What is the greatest common divisor of 5 and m?
5
Suppose 4*t = 2*r + 50, -7*r + 2*r = 5*t - 25. Let m = 112 - -29. Let b be m + -26 - (4 - -1). Calculate the greatest common factor of b and t.
10
Let n(k) = 3 - 12*k - 2*k**2 - 6*k + 4*k. Let f be n(-7). What is the highest common divisor of 2 and f?
1
Let f(h) = -9*h**2 - h**2 - 19*h**3 + 7*h**2 + 9*h - 8*h - 2. Let z be f(-2). What is the greatest common factor of 17 and z?
17
Suppose 5*l = 16 + 64. Let a = 35 + -21. Let v = -6 + a. Calculate the greatest common factor of l and v.
8
Let z be ((-156)/(-9))/(2/3). Suppose 31*h - 29*h - 104 = 0. Calculate the greatest common divisor of z and h.
26
Let a = 1619 + -595. What is the highest common factor of 16 and a?
16
Suppose 0 = 9*f - 13*f + 828. Let a = 68 - 45. What is the greatest common divisor of a and f?
23
Let v(q) = 0*q + 7 + 7 + q - 5. Let h be v(0). Let b be (-6)/4 - 57/(-2). Calculate the highest common divisor of b and h.
9
Suppose -2*p + 4*w + 70 = -0*p, 3*p - 120 = 3*w. What is the highest common divisor of 10 and p?
5
Let x(v) be the first derivative of -5*v**2/2 - 12*v - 11. Let a be x(-5). Let n = 2 - -24. Calculate the highest common divisor of n and a.
13
Suppose -38*i = -18*i - 2400. What is the greatest common divisor of i and 150?
30
Let l(k) = 3*k + 32. Let u(v) = -3*v - 32. Let j(p) = -3*l(p) - 2*u(p). Let a be j(-16). What is the highest common divisor of a and 16?
16
Let b(v) = 83*v**2 + 5*v - 23. Let u be b(2). What is the highest common divisor of u and 88?
11
Suppose -2*i + 29 = -3*r + 4, 5 = i - 3*r. Let y be (-1)/(i/(-8)) + (-446)/(-10). Calculate the highest common factor of y and 18.
9
Suppose 65*i = 68*i - 171. Calculate the greatest common factor of i and 76.
19
Let n be 1/(-2) + (-300)/(-24). Let u = 123 + -99. What is the highest common factor of n and u?
12
Suppose 0 = h - 164 + 125. What is the greatest common factor of h and 13?
13
Suppose h - 40 = 6*h. Let d be 50*-5*(-4)/h. Let t be 1/3 + d/(-3). Calculate the greatest common factor of t and 7.
7
Suppose 29*j - 484 = 7*j. What is the greatest common factor of j and 11?
11
Let d(v) = v**2 + 47 - 4*v + 32*v - 4*v. Let f be d(-23). Calculate the greatest common divisor of 192 and f.
24
Let f(v) = v**3 + 14*v**2 + 12*v - 7. Let m be f(-13). Suppose 12 = 10*w - m*w. What is the greatest common factor of w and 27?
3
Suppose -38*p - 78 = -40*p. What is the highest common factor of 91 and p?
13
Let u be -5 - (5 - (2 + 80)). Suppose -u = 30*x - 31*x. Calculate the greatest common factor of 8 and x.
8
Let f = -1233 + 1269. Calculate the greatest common factor of 192 and f.
12
Let c(s) = 2*s + 128. Let j be c(-42). Calculate the greatest common factor of 99 and j.
11
Let b be 4/14 - (-187)/7. Suppose 25 = 5*z - 5*p, 5*z - p - 5 - 12 = 0. What is the highest common factor of b and z?
3
Let q(c) = 14*c - 15. Let s be q(1). Suppose 2*t = 3*h + 435, 4*t - t - 655 = 2*h. Let m be t/((-3)/s) + 2. What is the highest common factor of m and 15?
15
Let z(g) = 4*g**2 - 1. Let m be z(-1). Suppose -2*q + 4 + m = v, q - v - 2 = 0. Let t be (q/(9/(-24)))/(-1). What is the greatest common divisor of t and 72?
8
Let j be (4/10)/((-2)/(-30)). Let p = j + 26. Let u be 1/((-2)/(-97 + 1)). What is the greatest common factor of p and u?
16
Suppose -3*w = 3*l - 9, 3*w + 1 = 2*l - 5. Suppose -33 = -2*p + l*r, 12 = -4*r - 0*r. Calculate the greatest common factor of 132 and p.
12
Let c = 161 - 137. What is the highest common divisor of c and 24?
24
Let u = 186 - 73. Suppose -u - 107 = -4*q. Let j be (-11)/((-2)/((-8)/(-2))). Calculate the greatest common factor of j and q.
11
Let b be ((-4)/(-6))/(2/3). Suppose 2 = 11*z - 9*z. Suppose 0 = -c - 3, 3*c - 1 = -n + z. Calculate the highest common divisor of n and b.
1
Let f(j) = 13*j - 133. Let k be f(11). Let y be (-2)/(-5)*(157 - 2). Let c = y - 42. What is the greatest common factor of c and k?
10
Let u(t) = -t**3 - 6*t**2 + 12*t + 33. Let h be u(-8). Calculate the greatest common factor of h and 13.
13
Let y(r) be the first derivative of r**3/3 + 3*r**2 - 16*r - 29. Let p be y(-11). Calculate the highest common divisor of p and 429.
39
Let l be 41 + (4 + -54)/10. Let s be 372/20 + 6/(-10). Let p be (s/(-8))/(5/(-40)). Calculate the greatest common divisor of p and l.
18
Let h be 10*2 + (-1 - 7) + 3. Calculate the greatest common divisor of 12 and h.
3
Let k = -9 - -19. Suppose -k = -f + 44. Let a(l) = l - 3. Let b be a(12). Calculate the highest common factor of b and f.
9
Let x(c) = -6*c**3 - c**2. Let q be x(-1). Suppose 0 = -q*s - 3*i + 115, s + 2*i + 30 = 3*s. Calculate the greatest common divisor of 100 and s.
20
Let u(s) = -5*s**3 + 2*s - 2. Let p be u(1). Let l be 1*(-66)/15*p. Let m be (-196)/(-9) + (-4)/(-18). What is the greatest common divisor of l and m?
22
Suppose -4*j - 4*p + 232 = -0*j, 0 = j + 2*p - 60. Let a = -92 + 93. Let i be ((-22)/(-2))/a - 3. What is the greatest common divisor of i and j?
8
Let r(d) = -4 - 4*d**2 + 0 - 1 - d**3 - 7*d + 1. Let s be r(-5). Let c(o) = o**2 + 14. Let n be c(0). What is the greatest common divisor of n and s?
14
Let x be (-79 + 3)*(-3 + 10/4). Let g = x - 23. What is the highest common divisor of g and 165?
15
Let a = 268 + -48. What is the greatest common divisor of a and 176?
44
Let q(r) = 8*r**2 + 38*r + 266. Let z be q(-19). What is the greatest common divisor of 19 and z?
19
Suppose 0 = 2*m + 3*m - 80. Let h be (-4)/m - (-42)/8. Suppose -141 + 36 = -h*a. Calculate the greatest common factor of 14 and a.
7
Suppose 0 = -4*q + 20, -2*r + 31 = -0*r + 5*q. Let h be 5 + -4 + r + 1. What is the greatest common factor of h and 55?
5
Let t(b) = b**2 + 17*b + 16. Let f be t(0). Suppose 0 = 2*m + 3*m - 240. What is the highest common divisor of m and f?
16
Let q(p) = -p**3 + 29*p**2 + 63*p + 9. Let i be q(31). Let u = 9 + 11. Calculate the highest common factor of i and u.
20
Let a = -36 - -75. What is the greatest common factor of a and 429?
39
Let z be (-142)/(-8) + (-2)/(-8). Let k be (45/25)/(-1 - (-6)/5). Suppose 0 = k*o + o - 540. Calculate the greatest common divisor of z and o.
18
Suppose -10 = -2*j - 2. Suppose 2*x + j*i = -i - 33, 0 = x + i + 9. Let u be 2/(-4*x/88). What is the greatest common divisor of 55 and 